16?
False
Does 362 divide 612873240?
True
Does 18 divide 1142791?
False
Is 90211730 a multiple of 27?
False
Is 15 a factor of 24053533?
False
Is 1685390216 a multiple of 94?
False
Is 165691369 a multiple of 145?
False
Is 22294800 a multiple of 220?
True
Does 21 divide 1808160064?
False
Is 3297878868 a multiple of 171?
False
Is 53695158 a multiple of 451?
True
Is 1644611256 a multiple of 6218?
True
Does 1049 divide 7550702?
True
Is 819 a factor of 55090035?
True
Is 3339 a factor of 24130953?
True
Is 180 a factor of 26534504?
False
Is 1923129378 a multiple of 54?
True
Does 15 divide 2037227220?
True
Is 1264432580 a multiple of 20?
True
Is 713754396 a multiple of 46?
False
Is 1045 a factor of 32048637?
False
Is 769 a factor of 172080668?
True
Is 1631657190 a multiple of 963?
False
Is 734517720 a multiple of 1620?
True
Is 91649313 a multiple of 18?
False
Is 3 a factor of 2544715?
False
Is 262779704 a multiple of 5368?
True
Does 27 divide 7418110?
False
Is 186 a factor of 251839268?
False
Is 2 a factor of 140569273?
False
Is 24 a factor of 16519352?
False
Does 58 divide 1241956285?
False
Is 326 a factor of 6409936?
False
Is 67866336 a multiple of 8?
True
Does 58 divide 1325008048?
False
Does 686 divide 5287688?
True
Is 21 a factor of 886571?
False
Does 89 divide 171161062?
True
Is 477 a factor of 10308447?
True
Is 545 a factor of 3518031?
False
Is 8756059 a multiple of 2?
False
Is 3 a factor of 836300?
False
Is 329716907 a multiple of 13?
True
Does 28 divide 36097404?
True
Is 781583248 a multiple of 6406?
True
Is 22016972 a multiple of 1292?
True
Is 1754317 a multiple of 50?
False
Is 1102947094 a multiple of 255?
False
Does 2 divide 142627803?
False
Is 822579303 a multiple of 5157?
False
Is 45 a factor of 1532205?
True
Is 10 a factor of 520755925?
False
Does 3115 divide 3857709450?
True
Is 453728070 a multiple of 18?
True
Does 7 divide 53772391?
False
Is 2166075 a multiple of 675?
True
Is 73407395 a multiple of 566?
False
Is 7399530 a multiple of 15?
True
Is 345487823 even?
False
Is 3209268350 a multiple of 68?
False
Is 8 a factor of 3387019792?
True
Is 13008856 a multiple of 488?
False
Is 151 a factor of 11549391?
False
Is 35 a factor of 5388026?
False
Does 534 divide 39082926?
True
Is 89 a factor of 74133885?
True
Is 2785 a factor of 21738315?
False
Is 145 a factor of 422640263?
False
Does 8 divide 14192294?
False
Is 262 a factor of 127573040?
True
Does 229 divide 134363460?
True
Is 107005276 a multiple of 476?
True
Does 257 divide 3478453880?
True
Does 15 divide 16608180?
True
Does 153 divide 169343535?
False
Does 2078 divide 560475774?
False
Is 193 a factor of 37291406?
False
Does 596 divide 38858008?
True
Is 36745686 a multiple of 18?
True
Does 2875 divide 171350000?
True
Is 918 a factor of 13978386?
True
Does 722 divide 2570558034?
False
Is 454345399 a multiple of 17?
False
Is 203582752 a multiple of 272?
True
Does 27 divide 248237352?
True
Does 30 divide 21439380?
True
Is 147 a factor of 7624837?
False
Is 415 a factor of 20379778?
False
Does 278 divide 197238498?
True
Is 81 a factor of 295289550?
True
Does 161 divide 5051858?
True
Does 56 divide 16218384?
True
Is 63055392 a multiple of 5592?
True
Is 503 a factor of 1230527128?
True
Is 312710976 a multiple of 2412?
True
Is 62 a factor of 125674?
True
Does 518 divide 1641234451?
False
Is 684586908 a multiple of 5461?
False
Is 40041742 a multiple of 1586?
True
Is 578 a factor of 540041584?
True
Does 141 divide 55031021?
False
Does 135 divide 2369737?
False
Does 3231 divide 81682911?
True
Does 3 divide 2963796?
True
Does 13 divide 1216127942?
False
Does 333 divide 1548567882?
True
Is 47376927 a multiple of 449?
False
Is 148363992 a multiple of 1054?
False
Does 196 divide 1287699616?
True
Is 790 a factor of 141311250?
True
Is 53541120 a multiple of 1095?
True
Is 13 a factor of 2018865155?
False
Is 13534376 a multiple of 1657?
True
Is 124168136 a multiple of 40?
False
Does 40 divide 636518320?
True
Does 4728 divide 3793520256?
True
Is 92907732 a multiple of 1329?
True
Is 94651956 a multiple of 108?
True
Is 461254288 a multiple of 3169?
True
Does 87 divide 66434586?
False
Does 16 divide 5373776?
True
Is 21765048 a multiple of 34?
False
Does 153 divide 6492555?
True
Is 963127 a multiple of 11?
True
Does 35 divide 197342145?
True
Does 790 divide 30789460?
True
Is 144894946 a multiple of 6?
False
Is 92 a factor of 120371696?
True
Is 3891 a factor of 342503490?
False
Is 43102327 a multiple of 4047?
False
Does 1959 divide 1450277085?
True
Is 55 a factor of 719459675?
True
Is 41 a factor of 46613412?
False
Is 136 a factor of 31038850?
False
Does 8255 divide 746752857?
False
Is 365 a factor of 398677090?
True
Is 11564965 a multiple of 14?
False
Is 141540214 a multiple of 5573?
False
Does 8 divide 62084354?
False
Is 8013 a factor of 839409828?
True
Does 59 divide 3096910?
True
Is 2932 a factor of 6087535680?
True
Does 20 divide 980338996?
False
Does 14 divide 224650298?
False
Is 28 a factor of 3825024?
True
Is 156 a factor of 10652708?
False
Is 253 a factor of 2891284?
True
Is 90833694 a multiple of 87?
False
Does 18 divide 587803376?
False
Is 65 a factor of 559609502?
False
Does 121 divide 13344969?
True
Is 138077223 a multiple of 2487?
False
Is 1289992 a multiple of 22?
True
Is 226 a factor of 2661327151?
False
Does 22 divide 103682106?
True
Does 74 divide 10262320?
True
Is 971 a factor of 3235959455?
True
Does 16 divide 1110808928?
True
Is 2 a factor of 96856232?
True
Is 1330 a factor of 49602220?
False
Is 74438647 a multiple of 18?
False
Is 1347261234 a multiple of 33?
True
Does 47 divide 38669526?
False
Is 1447889726 a multiple of 8?
False
Is 22273386 a multiple of 23?
False
Is 414996160 a multiple of 8?
True
Is 129 a factor of 1331115783?
True
Is 37115100 a multiple of 1467?
True
Is 159 a factor of 3996709044?
False
Is 3245 a factor of 374641878?
False
Does 15 divide 2211291585?
True
Does 172 divide 41982039?
False
Does 266 divide 6824921?
False
Is 142 a factor of 1318410349?
False
Does 32 divide 15207096?
False
Is 1970874408 a multiple of 114?
True
Is 203 a factor of 454900229?
False
Is 25 a factor of 3267675?
True
Is 66 a factor of 53739774?
True
Does 19 divide 1597535999?
False
Is 133 a factor of 42216461?
True
Is 2160578 a multiple of 3?
False
Does 411 divide 55962171?
True
Does 9879 divide 1173233356?
False
Is 360 a factor of 27179365?
False
Is 129 a factor of 1262268055?
False
Is 5183 a factor of 153263509?
False
Is 184855048 a multiple of 1288?
True
Is 37 a factor of 389938488?
False
Is 213793258 a multiple of 17?
True
Is 699 a factor of 20244438?
True
Is 1046 a factor of 14876852?
False
Is 58951069 a multiple of 12?
False
Is 140 a factor of 18103540?
True
Is 127 a factor of 16261334?
True
Is 18836402 a multiple of 46?
True
Is 297010672 a multiple of 238?
True
Is 5012592 a multiple of 274?
False
Does 151 divide 20282169?
True
Is 1505457 a multiple of 7?
False
Does 4 divide 173710511?
False
Is 667393695 a multiple of 123?
True
Is 615254931 a multiple of 4881?
True
Is 52664720 a multiple of 595?
False
Is 144217558 a multiple of 115?
False
Is 14 a factor of 126868392?
True
Is 12 a factor of 2005716?
True
Does 179 divide 705282272?
False
Is 9 a factor of 23379219?
True
Does 252 divide 3788295207?
False
Is 347 a factor of 80029998?
True
Is 34934706 a multiple of 246?
True
Is 4978278 a multiple of 97?
False
Is 895632238 a multiple of 451?
False
Does 891 divide 1875144249?
True
Is 2104183445 a multiple of 13?
True
Is 44 a factor of 676251676?
False
Does 5 divide 25002667?
False
Is 1798 a factor of 1012484966?
False
Does 49 divide 1062593302?
False
Is 478096714 a multiple of 323?
False
Is 1031 a factor of 139402289?
False
Does 117 divide 2195849799?
True
Is 30471362 a multiple of 705?
False
Is 6 a factor of 2111631?
False
Does 183 divide 11783919?
True
Does 15 divide 191731877?
False
Is 24562333 a multiple of 29?
True
Is 6310131336 a multiple of 366?
True
Is 18 a factor of 13288180?
False
Does 89 divide 18529266?
True
Does 1045 divide 883374030?
True
Is 560 a factor of 13769985?
False
Does 82 divide 74301919?
False
Does 1582 divide 577923584?
True
Is 317934855 a multiple of 5?
True
Does 1484 divide 176909124?
True
Is 1170379993 a multiple of 88?
False
Is 24 a factor of 780622557?
False
Does 372 d